he prime factors of 5941593?
3, 7, 499
List the prime factors of 234093.
3, 78031
What are the prime factors of 2088970?
2, 5, 13, 16069
List the prime factors of 2559257.
157, 16301
List the prime factors of 43714.
2, 11, 1987
What are the prime factors of 381341?
41, 71, 131
List the prime factors of 1986053.
1986053
List the prime factors of 156933.
3, 7, 47, 53
What are the prime factors of 1627927?
7, 33223
What are the prime factors of 152593?
7, 21799
What are the prime factors of 813126?
2, 3, 53, 2557
What are the prime factors of 14314712?
2, 173, 10343
List the prime factors of 10936854.
2, 3, 89, 6827
List the prime factors of 158354.
2, 7, 11311
What are the prime factors of 7368605?
5, 97, 15193
List the prime factors of 959241.
3, 319747
List the prime factors of 450799.
450799
What are the prime factors of 198282?
2, 3, 7, 4721
What are the prime factors of 297308?
2, 11, 29, 233
List the prime factors of 151890.
2, 3, 5, 61, 83
What are the prime factors of 47639?
47639
What are the prime factors of 1297209?
3, 109, 3967
List the prime factors of 1462766.
2, 31, 23593
What are the prime factors of 367267?
281, 1307
List the prime factors of 796390.
2, 5, 7, 31, 367
List the prime factors of 505713.
3, 13, 12967
List the prime factors of 253113.
3, 7, 17, 709
List the prime factors of 14089637.
37, 197, 1933
List the prime factors of 144960.
2, 3, 5, 151
What are the prime factors of 18310967?
23, 37, 21517
List the prime factors of 1469478.
2, 3, 53, 4621
List the prime factors of 233656.
2, 29207
What are the prime factors of 1978044?
2, 3, 164837
What are the prime factors of 98258?
2, 73, 673
List the prime factors of 877046.
2, 438523
What are the prime factors of 1838497?
19, 96763
List the prime factors of 308699.
197, 1567
What are the prime factors of 252826?
2, 7, 18059
What are the prime factors of 166777?
13, 12829
List the prime factors of 673796.
2, 168449
List the prime factors of 282377.
282377
What are the prime factors of 1180138?
2, 67, 8807
List the prime factors of 33272237.
23, 1446619
What are the prime factors of 1819106?
2, 461, 1973
What are the prime factors of 218834?
2, 7, 11, 29
List the prime factors of 242079.
3, 19, 31, 137
What are the prime factors of 12508197?
3, 13, 24671
List the prime factors of 8068611.
3, 2689537
What are the prime factors of 7316137?
17, 101, 4261
List the prime factors of 3224533.
13, 248041
What are the prime factors of 9843375?
3, 5, 26249
List the prime factors of 86585.
5, 17317
What are the prime factors of 68093?
149, 457
List the prime factors of 504480.
2, 3, 5, 1051
What are the prime factors of 92621?
23, 4027
What are the prime factors of 32019910?
2, 5, 13, 23, 10709
List the prime factors of 128198.
2, 7, 9157
List the prime factors of 12502106.
2, 17, 71, 5179
What are the prime factors of 1210687?
101, 11987
What are the prime factors of 5505105?
3, 5, 367007
List the prime factors of 453381.
3, 79, 1913
What are the prime factors of 4519792?
2, 282487
What are the prime factors of 5033830?
2, 5, 503383
List the prime factors of 18906163.
149, 223, 569
What are the prime factors of 4660122?
2, 3, 23, 33769
List the prime factors of 1116041.
19, 151, 389
What are the prime factors of 25173694?
2, 7, 13, 157, 881
List the prime factors of 949742.
2, 577, 823
List the prime factors of 798948.
2, 3, 22193
What are the prime factors of 8663364?
2, 3, 23, 10463
List the prime factors of 1300545.
3, 5, 28901
What are the prime factors of 4389028?
2, 7, 457
List the prime factors of 463188.
2, 3, 11, 29
What are the prime factors of 1095858?
2, 3, 23, 2647
List the prime factors of 235324.
2, 58831
List the prime factors of 162142.
2, 81071
What are the prime factors of 9224703?
3, 53, 83, 233
What are the prime factors of 5438613?
3, 1812871
What are the prime factors of 543585?
3, 5, 7, 31, 167
List the prime factors of 1141949.
1141949
What are the prime factors of 2412837?
3, 7, 38299
What are the prime factors of 3077766?
2, 3, 163, 1049
What are the prime factors of 551929?
7, 37, 2131
List the prime factors of 17055022.
2, 31, 139, 1979
List the prime factors of 2295844.
2, 89, 6449
List the prime factors of 8273240.
2, 5, 107, 1933
What are the prime factors of 1359205?
5, 271841
What are the prime factors of 38499?
3, 41, 313
List the prime factors of 380812.
2, 95203
What are the prime factors of 709411?
367, 1933
List the prime factors of 157937.
13, 12149
What are the prime factors of 409920?
2, 3, 5, 7, 61
What are the prime factors of 64014?
2, 3, 47, 227
List the prime factors of 114240.
2, 3, 5, 7, 17
List the prime factors of 764871.
3, 137, 1861
What are the prime factors of 19777?
19777
List the prime factors of 473241.
3, 157747
List the prime factors of 10956715.
5, 7, 11, 149, 191
What are the prime factors of 195099?
3, 65033
List the prime factors of 1671517.
1671517
What are the prime factors of 3338174?
2, 7, 23, 1481
List the prime factors of 228322.
2, 114161
List the prime factors of 1236606.
2, 3, 7, 29443
What are the prime factors of 99649?
11, 9059
What are the prime factors of 7991144?
2, 7, 142699
What are the prime factors of 339883?
283, 1201
What are the prime factors of 14953166?
2, 17, 439799
What are the prime factors of 4699075?
5, 187963
What are the prime factors of 12109979?
7, 449, 3853
List the prime factors of 302789.
29, 53, 197
What are the prime factors of 15346273?
97, 158209
What are the prime factors of 562817?
71, 7927
What are the prime factors of 414166?
2, 157, 1319
List the prime factors of 317010.
2, 3, 5, 10567
List the prime factors of 208100.
2, 5, 2081
List the prime factors of 698541.
3, 232847
List the prime factors of 332522.
2, 53, 3137
What are the prime factors of 3465538?
2, 103, 16823
List the prime factors of 749098.
2, 7, 53507
List the prime factors of 553429.
563, 983
What are the prime factors of 206949?
3, 101, 683
What are the prime factors of 453823?
453823
List the prime factors of 19315236.
2, 3, 109, 14767
What are the prime factors of 25018113?
3, 61, 136711
What are the prime factors of 288431?
11, 13, 2017
List the prime factors of 827588.
2, 206897
What are the prime factors of 1953930?
2, 3, 5, 11, 31, 191
What are the prime factors of 442209?
3, 223, 661
List the prime factors of 1127985.
3, 5, 139, 541
What are the prime factors of 17902497?
3, 5967499
What are the prime factors of 7778395?
5, 1555679
List the prime factors of 247236.
2, 3, 11, 1873
What are the prime factors of 255681?
3, 28409
What are the prime factors of 608206?
2, 37, 8219
List the prime factors of 11981635.
5, 41, 211, 277
List the prime factors of 968699.
968699
List the prime factors of 286119.
3, 10597
List the prime factors of 887349.
3, 17, 127, 137
List the prime factors of 1758734.
2, 29, 30323
What are the prime factors of 4860619?
311, 15629
What are the prime factors of 155070?
2, 3, 5, 1723
What are the prime factors of 9136125?
3, 5, 2707
What are the prime factors of 141045?
3, 5, 9403
What are the prime factors of 5246447?
5246447
What are the prime factors of 9229131?
3, 1025459
What are the prime factors of 6399533?
7, 914219
What are the prime factors of 583298?
2, 291649
What are the prime factors of 764782?
2, 382391
List the prime factors of 410223.
3, 11, 31, 401
What are the prime factors of 1237746?
2, 3, 206291
List the prime factors of 326230.
2, 5, 17, 19, 101
List the prime factors of 15872370.
2, 3, 5, 47, 11257
What are the prime factors of 1403714?
2, 13, 4153
What are the prime factors of 726450?
2, 3, 5, 29, 167
List the prime factors of 11946669.
3, 7, 73, 7793
What are the prime factors of 368087?
19, 19373
List the prime factors of 572955.
3, 5, 38197
What are the prime factors of 5146217?
31, 109, 1523
What are the prime factors of 3195169?
3195169
List the prime factors of 4541513.
19, 239027
What are the prime factors of 476066?
2, 103, 2311
What are the prime factors of 15925434?
2, 3, 7, 379177
What are the prime factors of 1588426?
2, 7, 23, 4933
List the prime factors of 12007374.
2, 3, 2001229
List the prime factors of 222133.
191, 1163
List the prime factors of 577943.
659, 877
What are the prime factors of 229967?
53, 4339
What are the prime factors of